{"id":68,"date":"2015-06-24T22:14:56","date_gmt":"2015-06-24T20:14:56","guid":{"rendered":"http:\/\/www.duesigt.de\/wordpress\/?page_id=68"},"modified":"2019-03-31T23:22:34","modified_gmt":"2019-03-31T21:22:34","slug":"die-hochzeit","status":"publish","type":"page","link":"http:\/\/www.duesigt.de\/wordpress\/?page_id=68","title":{"rendered":"Die Hochzeit"},"content":{"rendered":"<h2>ja &#8211; wir haben uns getraut!!!<\/h2>\n<p>am 15. oktober 2005 wurden wir um 10:40 uhr im standesamt an der kirchstra\u00dfe in g\u00fctersloh getraut.<\/p>\n<p><img decoding=\"async\" loading=\"lazy\" src=\"http:\/\/www.duesigt.de\/hochzeit\/bilder\/tanja-duesi2.gif\" alt=\"\" width=\"500\" height=\"374\" border=\"0\" \/><\/p>\n<p>der beginn eines super tages<\/p>\n<p>was &#8211; wann &#8211; wo?<\/p>\n<p><img decoding=\"async\" loading=\"lazy\" src=\"http:\/\/www.duesigt.de\/hochzeit\/herz_klein.gif\" alt=\"\" width=\"15\" height=\"15\" border=\"0\" \/> 10:40 uhr &#8211; standesamt kirchstra\u00dfe &#8211; JA-sagen \u00bb <a href=\"http:\/\/standesamt.guetersloh.de\/\" target=\"_blank\" rel=\"noopener\">hier auch live im web<\/a><br \/>\n<img decoding=\"async\" loading=\"lazy\" src=\"http:\/\/www.duesigt.de\/hochzeit\/herz_klein.gif\" alt=\"\" width=\"15\" height=\"15\" border=\"0\" \/> 12:30 uhr &#8211; <a href=\"http:\/\/www.landhausruhenstroth.de\/\" target=\"_blank\" rel=\"noopener\">landhaus ruhenstroth<\/a> &#8211; essen mit familie und trauzeugen<br \/>\n<img decoding=\"async\" loading=\"lazy\" src=\"http:\/\/www.duesigt.de\/hochzeit\/herz_klein.gif\" alt=\"\" width=\"15\" height=\"15\" border=\"0\" \/> 15:00 uhr &#8211; <a href=\"http:\/\/www.fotoclemens.de\/\" target=\"_blank\" rel=\"noopener\">fotostudio clemens<\/a> &#8211; immer sch\u00f6n l\u00e4cheln<br \/>\n<img decoding=\"async\" loading=\"lazy\" src=\"http:\/\/www.duesigt.de\/hochzeit\/herz_klein.gif\" alt=\"\" width=\"15\" height=\"15\" border=\"0\" \/> 18:00 uhr &#8211; <a href=\"http:\/\/www.schenke-delikatessen.de\/include.php?src=startseite\/index.htm\" target=\"_blank\" rel=\"noopener\">schenke<\/a>s party deele &#8218;l\u00fckings hof&#8216; &#8211; ja-wort-party \u00bb <a href=\"http:\/\/www.duesigt.de\/hochzeit\/luekings_hof.gif\">hier geht&#8217;s zur anfahrtskizze<\/a><\/p>\n<p>impressionen<\/p>\n<p><b>freitag, 14.10.2005 &#8211; die spannung steigt &#8211; haben wir an alles gedacht?<\/b><br \/>\nstandesamt geht klar &#8211; l\u00fckings hof hergerichtet &#8211; essen und getr\u00e4nke bestellt &#8211; ruhenstroth gek\u00e4rt &#8211; eheringe bereitgelegt &#8211; mit dj gesprochen &#8211; kleidung sauber und ordentlich &#8230; ALLES OK<br \/>\nso eben kam noch aida &#8211; tanjas freundin aus amerika vorbei &#8211; ein gro\u00dfes HALLO &#8211; wahnsinn, dass das geklappt hat &#8211; jetzt wei\u00df ganz amerika, bosnien und deutschland, dass ihre freundin heiratet \ud83d\ude09<\/p>\n<p><b>es ist nun 08:40 am 15.10. &#8211; noch genau zwei stunden bis zum JA-wort!<\/b><br \/>\ntanja ist noch schnell zum friseur und zur kosmetik &#8211; ich werde mich dann auch mal langsam &#8218;in schale schmei\u00dfen&#8216;.<br \/>\nfreuen uns schon tierisch auf den heutigen tag. bef\u00fcrchten allerdings, dass er zu schnell rum geht! bitte nicht b\u00f6se sein, wenn wir nicht mit jedem lange und ausf\u00fcrlich plaudern k\u00f6nnen!<\/p>\n<p><b>bef\u00fcrchtung eingetreten: der tag war zu schnell vorbei<\/b><br \/>\nwie zu bef\u00fcrchten war, waren die 24 stunden, die der tag so mit sich brachte, wieder einmal viel zu kurz. der zeitplan wurde super eingehalten.<br \/>\nfrau rogalski vom standesamt hat eine tolle trauung vorgenommen (gute besserung nochmals von dieser stelle) &#8211; die riesige masse von zuschauern und gratulanten hat uns echt umgehauen.<br \/>\ndas essen im anchluss bei ruhenstroth war wieder einmal hervorragend!<br \/>\nbei susanne clemens wurden dann sch\u00f6ne fotos geschossen &#8211; werden wir ende der woche genauer betrachten k\u00f6nnen.<br \/>\nund dann die party auf l\u00fckings hof: bombastisch!!!<br \/>\nschenke hat <a href=\"http:\/\/www.duesigt.de\/hochzeit\/getraenkeliste.pdf\">leckere getr\u00e4nke<\/a> und ein <a href=\"http:\/\/www.duesigt.de\/hochzeit\/italienisches_buffet.pdf\">super essen<\/a> gezaubert &#8211; auch wenn wir beiden nicht all zu viel davon kosten konnten.<\/p>\n<p><span style=\"font-size: xx-small;\">DANKE<\/span> an alle, die diesen tag so unvergesslich werden lie\u00dfen. vor allem an unsere eltern und nat\u00fcrlich unsere trauzeugen britta und stefan &#8211; ihr habt alles gegeben!!! vielleicht k\u00f6nnen wir uns ja bald revanchieren!? \ud83d\ude09<br \/>\nund selbstredend ein <span style=\"font-size: xx-small;\">DANKE<\/span> f\u00fcr alle guten w\u00fcnsche, worte, taten und gelder, die uns vor, w\u00e4hrend und nach der hochzeit erreicht haben.<\/p>\n<p>die aufgabe, aus zig katalogen eine handynummer und ein l\u00f6sungswort heraus zu suchen haben wir bereits erf\u00fcllt.<\/p>\n<p>der ehe-competence-check, den sich meine kollegen der pe von miele haben einfallen lassen wird nun angegangen. sp\u00e4ter mehr dazu auf einer eigenen seite \ud83d\ude09 \u00bb <a href=\"http:\/\/www.ehe-competence-check.de.vu\/\" target=\"_blank\" rel=\"noopener\">http:\/\/www.ehe-competence-check.de.vu<\/a><\/p>\n<p>mehr zu uns und zur hochzeit auf der seite <a href=\"http:\/\/www.duesigt.de\/hochzeit\/www.tanjaundmarkus.de\/index.html\" target=\"_blank\" rel=\"noopener\">http:\/\/www.tanjaundmarkus.de<\/a>, die wir von unseren freunden geschenkt bekommen haben!<\/p>\n","protected":false},"excerpt":{"rendered":"<p>ja &#8211; wir haben uns getraut!!! am 15. oktober 2005 wurden wir um 10:40 uhr im standesamt an der kirchstra\u00dfe in g\u00fctersloh getraut. der beginn eines super tages was &#8211; wann &#8211; wo? 10:40 uhr &#8211; standesamt kirchstra\u00dfe &#8211; JA-sagen \u00bb hier auch live im web 12:30 uhr &#8211; landhaus ruhenstroth &#8211; essen mit familie [&hellip;]<\/p>\n","protected":false},"author":1,"featured_media":0,"parent":0,"menu_order":0,"comment_status":"open","ping_status":"open","template":"","meta":{"footnotes":""},"_links":{"self":[{"href":"http:\/\/www.duesigt.de\/wordpress\/index.php?rest_route=\/wp\/v2\/pages\/68"}],"collection":[{"href":"http:\/\/www.duesigt.de\/wordpress\/index.php?rest_route=\/wp\/v2\/pages"}],"about":[{"href":"http:\/\/www.duesigt.de\/wordpress\/index.php?rest_route=\/wp\/v2\/types\/page"}],"author":[{"embeddable":true,"href":"http:\/\/www.duesigt.de\/wordpress\/index.php?rest_route=\/wp\/v2\/users\/1"}],"replies":[{"embeddable":true,"href":"http:\/\/www.duesigt.de\/wordpress\/index.php?rest_route=%2Fwp%2Fv2%2Fcomments&post=68"}],"version-history":[{"count":2,"href":"http:\/\/www.duesigt.de\/wordpress\/index.php?rest_route=\/wp\/v2\/pages\/68\/revisions"}],"predecessor-version":[{"id":220,"href":"http:\/\/www.duesigt.de\/wordpress\/index.php?rest_route=\/wp\/v2\/pages\/68\/revisions\/220"}],"wp:attachment":[{"href":"http:\/\/www.duesigt.de\/wordpress\/index.php?rest_route=%2Fwp%2Fv2%2Fmedia&parent=68"}],"curies":[{"name":"wp","href":"https:\/\/api.w.org\/{rel}","templated":true}]}}