{"id":52,"date":"2015-06-24T21:48:59","date_gmt":"2015-06-24T19:48:59","guid":{"rendered":"http:\/\/www.duesigt.de\/wordpress\/?page_id=52"},"modified":"2015-08-31T00:41:35","modified_gmt":"2015-08-30T22:41:35","slug":"zur-person","status":"publish","type":"page","link":"http:\/\/www.duesigt.de\/wordpress\/?page_id=52","title":{"rendered":"Zur Person"},"content":{"rendered":"<h2><strong>Die Person hinter www.duesigt.de<\/strong><\/h2>\n<p><a href=\"http:\/\/www.duesigt.de\/wordpress\/wp-content\/uploads\/2015\/06\/FB_IMG_1435552896895.jpg\"><img decoding=\"async\" loading=\"lazy\" class=\"alignnone size-full wp-image-110\" src=\"http:\/\/www.duesigt.de\/wordpress\/wp-content\/uploads\/2015\/06\/FB_IMG_1435552896895.jpg\" alt=\"FB_IMG_1435552896895\" width=\"180\" height=\"180\" \/><\/a><\/p>\n<p><strong>Name<\/strong><br \/>\nMarkus D\u00fcspohl<\/p>\n<p>Adresse<br \/>\nSchledebr\u00fcckstr. 94a<br \/>\n33332 G\u00fctersloh<br \/>\nDeutschland<\/p>\n<p><strong>Telefon<\/strong><br \/>\n+49 &#8211; 5241 &#8211; 9949799<\/p>\n<p><strong>Mobil<\/strong><br \/>\n+49 &#8211; 170 &#8211; 5231565<\/p>\n<p>&nbsp;<\/p>\n<p><strong>Familienstand<\/strong><br \/>\nverheirat seit dem 15.10.2005 \u00bb <a href=\"http:\/\/www.duesigt.de\/wordpress\/?page_id=68\">mehr zur Hochzeit hier<\/a><\/p>\n<p><strong>Kinder<\/strong><\/p>\n<p>Eric &#8211; geboren 26.03.2007 \u00bb <a href=\"http:\/\/www.duesigt.de\/wordpress\/?page_id=71\">Eric<\/a><\/p>\n<p>Kira &#8211; geboren 03.04.2010 \u00bb <a href=\"http:\/\/www.duesigt.de\/wordpress\/?page_id=73\">Kira<\/a><\/p>\n<p>Lea &#8211; geboren am 30.08.2015 \u00bb\u00a0<a href=\"http:\/\/www.duesigt.de\/wordpress\/?page_id=165\">Lea<\/a><\/p>\n<p>&nbsp;<\/p>\n<p><strong>E-Mail<\/strong><br \/>\n<a href=\"mailto:duesi@duesigt.de\">duesi[at]duesigt.de<\/a><\/p>\n<p>&nbsp;<\/p>\n<p><strong>Lebenslauf<\/strong><\/p>\n<p><strong>Grundschule<\/strong><br \/>\n1977 &#8211; 1981 Volkeningschule G\u00fctersloh<\/p>\n<p><strong>Gymnasium<\/strong><br \/>\n1981 &#8211; 1990 Evangelisch Stiftisches Gymnasium G\u00fctersloh\u00a0\u00bb <a href=\"http:\/\/www.esg-guetersloh.de\" target=\"_blank\">http:\/\/www.esg-guetersloh.de<\/a><\/p>\n<p><strong>Ausbildung<\/strong><br \/>\n1990 &#8211; 1993 Industriekaufmann &#8211; Miele G\u00fctersloh\u00a0\u00bb\u00a0<a href=\"http:\/\/www.miele.de\" target=\"_blank\">http:\/\/www.miele.de<\/a><\/p>\n<p><strong>Weiterbildung<\/strong><br \/>\n1993 AdA-Schein<br \/>\n1993 &#8211; 1995 Industriefachwirt &#8211; IHK Bielefeld<\/p>\n<p><strong>Die Arbeit<\/strong><br \/>\nseit 1993 kfm. Angestellter &#8211; Miele G\u00fctersloh\u00a0\u00bb <a href=\"http:\/\/www.miele.de\" target=\"_blank\">http:\/\/www.miele.de<\/a><\/p>\n<p><strong>Der Zivildienst<\/strong><br \/>\n1993 &#8211; 1994 Als Hausmeister im Internationalen Kinderzentrum (Feldstra\u00dfe) G\u00fctersloh ein Haus des Aksom e.V. G\u00fctersloh\u00a0\u00bb <a href=\"http:\/\/www.aksomev.de\" target=\"_blank\">http:\/\/www.aksomev.de<\/a><\/p>\n<p><strong>Das Ehrenamt<\/strong><br \/>\n1996 &#8211; 2003 Vorstandsmitglied im Aksom e.V. G\u00fctersloh\u00a0\u00bb\u00a0<a href=\"http:\/\/www.aksomev.de\" target=\"_blank\">http:\/\/www.aksomev.de<\/a><br \/>\nseit 2014 Vorsitzender der Alten Herren (Fu\u00dfball) des SV Spexard\u00a0\u00bb <a href=\"http:\/\/www.svspexard.de\" target=\"_blank\">http:\/\/www.svspexard.de<\/a><\/p>\n<p>&nbsp;<\/p>\n<p>&nbsp;<\/p>\n","protected":false},"excerpt":{"rendered":"<p>Die Person hinter www.duesigt.de Name Markus D\u00fcspohl Adresse Schledebr\u00fcckstr. 94a 33332 G\u00fctersloh Deutschland Telefon +49 &#8211; 5241 &#8211; 9949799 Mobil +49 &#8211; 170 &#8211; 5231565 &nbsp; Familienstand verheirat seit dem 15.10.2005 \u00bb mehr zur Hochzeit hier Kinder Eric &#8211; geboren 26.03.2007 \u00bb Eric Kira &#8211; geboren 03.04.2010 \u00bb Kira Lea &#8211; geboren am 30.08.2015 \u00bb\u00a0Lea [&hellip;]<\/p>\n","protected":false},"author":1,"featured_media":0,"parent":0,"menu_order":0,"comment_status":"open","ping_status":"open","template":"","meta":{"footnotes":""},"_links":{"self":[{"href":"http:\/\/www.duesigt.de\/wordpress\/index.php?rest_route=\/wp\/v2\/pages\/52"}],"collection":[{"href":"http:\/\/www.duesigt.de\/wordpress\/index.php?rest_route=\/wp\/v2\/pages"}],"about":[{"href":"http:\/\/www.duesigt.de\/wordpress\/index.php?rest_route=\/wp\/v2\/types\/page"}],"author":[{"embeddable":true,"href":"http:\/\/www.duesigt.de\/wordpress\/index.php?rest_route=\/wp\/v2\/users\/1"}],"replies":[{"embeddable":true,"href":"http:\/\/www.duesigt.de\/wordpress\/index.php?rest_route=%2Fwp%2Fv2%2Fcomments&post=52"}],"version-history":[{"count":9,"href":"http:\/\/www.duesigt.de\/wordpress\/index.php?rest_route=\/wp\/v2\/pages\/52\/revisions"}],"predecessor-version":[{"id":170,"href":"http:\/\/www.duesigt.de\/wordpress\/index.php?rest_route=\/wp\/v2\/pages\/52\/revisions\/170"}],"wp:attachment":[{"href":"http:\/\/www.duesigt.de\/wordpress\/index.php?rest_route=%2Fwp%2Fv2%2Fmedia&parent=52"}],"curies":[{"name":"wp","href":"https:\/\/api.w.org\/{rel}","templated":true}]}}

<h2><strong>Die Person hinter www.duesigt.de</strong></h2>
<p><a href="http://www.duesigt.de/wordpress/wp-content/uploads/2015/06/FB_IMG_1435552896895.jpg"><img decoding="async" loading="lazy" class="alignnone size-full wp-image-110" src="http://www.duesigt.de/wordpress/wp-content/uploads/2015/06/FB_IMG_1435552896895.jpg" alt="FB_IMG_1435552896895" width="180" height="180" /></a></p>
<p><strong>Name</strong><br />
Markus Düspohl</p>
<p>Adresse<br />
Schledebrückstr. 94a<br />
33332 Gütersloh<br />
Deutschland</p>
<p><strong>Telefon</strong><br />
+49 &#8211; 5241 &#8211; 9949799</p>
<p><strong>Mobil</strong><br />
+49 &#8211; 170 &#8211; 5231565</p>
<p>&nbsp;</p>
<p><strong>Familienstand</strong><br />
verheirat seit dem 15.10.2005 » <a href="http://www.duesigt.de/wordpress/?page_id=68">mehr zur Hochzeit hier</a></p>
<p><strong>Kinder</strong></p>
<p>Eric &#8211; geboren 26.03.2007 » <a href="http://www.duesigt.de/wordpress/?page_id=71">Eric</a></p>
<p>Kira &#8211; geboren 03.04.2010 » <a href="http://www.duesigt.de/wordpress/?page_id=73">Kira</a></p>
<p>Lea &#8211; geboren am 30.08.2015 » <a href="http://www.duesigt.de/wordpress/?page_id=165">Lea</a></p>
<p>&nbsp;</p>
<p><strong>E-Mail</strong><br />
<a href="mailto:duesi@duesigt.de">duesi[at]duesigt.de</a></p>
<p>&nbsp;</p>
<p><strong>Lebenslauf</strong></p>
<p><strong>Grundschule</strong><br />
1977 &#8211; 1981 Volkeningschule Gütersloh</p>
<p><strong>Gymnasium</strong><br />
1981 &#8211; 1990 Evangelisch Stiftisches Gymnasium Gütersloh » <a href="http://www.esg-guetersloh.de" target="_blank">http://www.esg-guetersloh.de</a></p>
<p><strong>Ausbildung</strong><br />
1990 &#8211; 1993 Industriekaufmann &#8211; Miele Gütersloh » <a href="http://www.miele.de" target="_blank">http://www.miele.de</a></p>
<p><strong>Weiterbildung</strong><br />
1993 AdA-Schein<br />
1993 &#8211; 1995 Industriefachwirt &#8211; IHK Bielefeld</p>
<p><strong>Die Arbeit</strong><br />
seit 1993 kfm. Angestellter &#8211; Miele Gütersloh » <a href="http://www.miele.de" target="_blank">http://www.miele.de</a></p>
<p><strong>Der Zivildienst</strong><br />
1993 &#8211; 1994 Als Hausmeister im Internationalen Kinderzentrum (Feldstraße) Gütersloh ein Haus des Aksom e.V. Gütersloh » <a href="http://www.aksomev.de" target="_blank">http://www.aksomev.de</a></p>
<p><strong>Das Ehrenamt</strong><br />
1996 &#8211; 2003 Vorstandsmitglied im Aksom e.V. Gütersloh » <a href="http://www.aksomev.de" target="_blank">http://www.aksomev.de</a><br />
seit 2014 Vorsitzender der Alten Herren (Fußball) des SV Spexard » <a href="http://www.svspexard.de" target="_blank">http://www.svspexard.de</a></p>
<p>&nbsp;</p>
<p>&nbsp;</p>

<p>Die Person hinter www.duesigt.de Name Markus Düspohl Adresse Schledebrückstr. 94a 33332 Gütersloh Deutschland Telefon +49 &#8211; 5241 &#8211; 9949799 Mobil +49 &#8211; 170 &#8211; 5231565 &nbsp; Familienstand verheirat seit dem 15.10.2005 » mehr zur Hochzeit hier Kinder Eric &#8211; geboren 26.03.2007 » Eric Kira &#8211; geboren 03.04.2010 » Kira Lea &#8211; geboren am 30.08.2015 » Lea [&hellip;]</p>
